{"id":680,"date":"2025-01-10T11:52:02","date_gmt":"2025-01-10T10:52:02","guid":{"rendered":"https:\/\/lernadapter.de\/wordpress\/?page_id=680"},"modified":"2025-01-12T10:05:56","modified_gmt":"2025-01-12T09:05:56","slug":"gamification","status":"publish","type":"page","link":"https:\/\/lernadapter.de\/wordpress\/home\/gamification\/","title":{"rendered":"Gamification"},"content":{"rendered":"\n<div class=\"wp-block-uagb-container uagb-block-83868740 alignfull uagb-is-root-container\">\n<div class=\"wp-block-uagb-container uag-hide-mob uagb-layout-flex uagb-block-7ea9a9c3\"><\/div>\n\n\n\n<div class=\"wp-block-uagb-container uagb-block-178c8284\">\n<div class=\"wp-block-uagb-info-box uagb-block-5bacd792 uagb-infobox__content-wrap  uagb-infobox-icon-above-title uagb-infobox-image-valign-top wp-block-uagb-info-box--has-margin\"><div class=\"uagb-infobox-margin-wrapper\"><div class=\"uagb-ifb-content\"><div class=\"uagb-ifb-title-wrap\"><span class=\"uagb-ifb-title-prefix\">Spielerisch lernt man am besten<\/span><h2 class=\"uagb-ifb-title\">Spielend Lernen<\/h2><\/div><p class=\"uagb-ifb-desc\"><br>Computerspiele haben sich in den letzten 30 Jahren von einer kulturellen Randerscheinung zu einer Multi-Milliarden Dollar Industrie entwickelt. <br><br>Viele Menschen lieben es, in virtuelle Welten abzutauchen und Tipps und Tricks, Strategien und Hintergr\u00fcnde zu diskutieren. Informationen f\u00fcr den Erfolg im Spiel nehmen sie dabei gro\u00dfteils unbewusst und mit hoher Motivation auf.&nbsp;<br><br>Mit Gamification kann man sich diese Motivation zunutze machen. Spieltypische Elemente wie zum Beispiel Erfahrungspunkte, Highscores, Fortschrittsbalken, Ranglisten, virtuelle G\u00fcter oder Auszeichnungen erzeugen Lernmotivation.&nbsp;<br><\/p><div class=\"uagb-ifb-button-wrapper wp-block-button\"><a href=\"https:\/\/outlook.office365.com\/book\/Lernadapter1@Lernadapter1.onmicrosoft.com\/\" class=\"uagb-infobox-cta-link wp-block-button__link\" target=\"_self\" rel=\"noopener noreferrer\" onclick=\"return true;\"><span class=\"uagb-inline-editing\">Beratungsgespr\u00e4ch Vereinbaren<\/span><svg xmlns=\"https:\/\/www.w3.org\/2000\/svg\" viewBox=\"0 0 448 512\"><path d=\"M438.6 278.6l-160 160C272.4 444.9 264.2 448 256 448s-16.38-3.125-22.62-9.375c-12.5-12.5-12.5-32.75 0-45.25L338.8 288H32C14.33 288 .0016 273.7 .0016 256S14.33 224 32 224h306.8l-105.4-105.4c-12.5-12.5-12.5-32.75 0-45.25s32.75-12.5 45.25 0l160 160C451.1 245.9 451.1 266.1 438.6 278.6z\"><\/path><\/svg><\/a><\/div><\/div><\/div><\/div>\n<\/div>\n<\/div>\n\n\n\n<div class=\"wp-block-uagb-container uagb-layout-grid uagb-block-df0831ad alignfull uagb-is-root-container\"><div class=\"uagb-container-inner-blocks-wrap\">\n<div class=\"wp-block-uagb-info-box uagb-block-11baed6d uagb-infobox__content-wrap  uagb-infobox-icon-above-title uagb-infobox-image-valign-top\"><div class=\"uagb-ifb-content\"><div class=\"uagb-ifb-image-content\"><img decoding=\"async\" src=\"https:\/\/lernadapter.de\/wordpress\/wp-content\/uploads\/2025\/01\/gaming-300x300.png\" alt=\"\" width=\"\" height=\"0\" loading=\"lazy\"\/><\/div><div class=\"uagb-ifb-separator\"><\/div><div class=\"uagb-ifb-title-wrap\"><\/div><\/div><\/div>\n\n\n\n<div class=\"wp-block-uagb-advanced-heading uagb-block-2d1b90a6\"><h2 class=\"uagb-heading-text\">ECHTE Gamification<\/h2><p class=\"uagb-desc-text\">W\u00e4hrend die spieltypischen Elemente den gr\u00f6\u00dften Teil der Gamification im eLearning ausmachen, m\u00f6chten wir bei Lernadapter weitergehen und dem Begriff seinen urspr\u00fcnglichen Sinn zur\u00fcckgeben. Lernspiele sollten mehr sein als blo\u00df eine Karotte vor der Nase. Deswegen entwickeln wir gerne auf Ihr Unternehmen zugeschnittene Edutainment-Software, die wirklich wie ein &#8222;echtes&#8220; Spiel wirkt.<br>Die Erstellung hochwertiger 3D-Spielgrafik verschlingt jedoch Unmengen an Zeit und Geld. Zum Gl\u00fcck ist sie aber keineswegs erforderlich, um ein motivationsf\u00f6rderndes Spiel zu schaffen, das seinen didaktischen Zweck erf\u00fcllt. Denn gerade Rollenspiele in Retro-Grafik besitzen einen besonderen Charme!<\/p><\/div>\n<\/div><\/div>\n\n\n\n<div class=\"wp-block-uagb-container uagb-block-2dbc81f7 alignfull uagb-is-root-container\"><div class=\"uagb-container-inner-blocks-wrap\">\n<div class=\"wp-block-uagb-info-box uagb-block-f6b7e410 uagb-infobox__content-wrap  uagb-infobox-icon-above-title uagb-infobox-image-valign-top wp-block-uagb-info-box--has-margin\"><div class=\"uagb-infobox-margin-wrapper\"><div class=\"uagb-ifb-content\"><div class=\"uagb-ifb-title-wrap\"><h4 class=\"uagb-ifb-title-prefix\">Learning by doing ist die effektivste Art des Lernens!<\/h4><h6 class=\"uagb-ifb-title\">Dieser Grundsatz ist Ma\u00dfstab f\u00fcr die Interaktionen in unseren Kursen. Das gilt auch f\u00fcr unsere Werbung: Schauen Sie sich deshalb dieses Spiel an, das f\u00fcr den Onboarding-Prozess entwickelt wurde. <br><br>Sie werden den einen virtuellen Standort eines Unternehmens besuchen welcher aber auch in der Realtit\u00e4t existiert hat.<br><strong>(Zugangspin: 1873)<\/strong><\/h6><\/div><div class=\"uagb-ifb-button-wrapper wp-block-button\"><a href=\"https:\/\/lernadapter.de\/ilias\/onb\/onb\/index.html\" class=\"uagb-infobox-cta-link wp-block-button__link\" target=\"_self\" rel=\"noopener noreferrer\" onclick=\"return true;\"><svg xmlns=\"https:\/\/www.w3.org\/2000\/svg\" viewBox=\"0 0 448 512\"><path d=\"M160 32V64H288V32C288 14.33 302.3 0 320 0C337.7 0 352 14.33 352 32V64H400C426.5 64 448 85.49 448 112V160H0V112C0 85.49 21.49 64 48 64H96V32C96 14.33 110.3 0 128 0C145.7 0 160 14.33 160 32zM0 192H448V464C448 490.5 426.5 512 400 512H48C21.49 512 0 490.5 0 464V192zM328.1 304.1C338.3 295.6 338.3 280.4 328.1 271C319.6 261.7 304.4 261.7 295 271L200 366.1L152.1 319C143.6 309.7 128.4 309.7 119 319C109.7 328.4 109.7 343.6 119 352.1L183 416.1C192.4 426.3 207.6 426.3 216.1 416.1L328.1 304.1z\"><\/path><\/svg><span class=\"uagb-inline-editing\">Spiel Starten<\/span><\/a><\/div><\/div><\/div><\/div>\n<\/div><\/div>\n\n\n\n<div class=\"wp-block-uagb-container uagb-block-d8ac2f0a alignfull uagb-is-root-container\"><div class=\"uagb-container-inner-blocks-wrap\">\n<div class=\"wp-block-uagb-advanced-heading uagb-block-443fec0f\"><h2 class=\"uagb-heading-text\">Warum Lernadapter?<\/h2><p class=\"uagb-desc-text\">Wir sind Ihre L\u00f6sung!<\/p><\/div>\n\n\n\n<div class=\"wp-block-uagb-container uagb-block-5141d019\">\n<div class=\"wp-block-uagb-info-box uagb-block-29a4c794 uagb-infobox__content-wrap  uagb-infobox-icon-above-title uagb-infobox-image-valign-top wp-block-uagb-info-box--has-margin\"><div class=\"uagb-infobox-margin-wrapper\"><div class=\"uagb-ifb-content\"><div class=\"uagb-ifb-image-content\"><img decoding=\"async\" src=\"https:\/\/lernadapter.de\/wordpress\/wp-content\/uploads\/2025\/01\/piggy-bank.png\" alt=\"\" width=\"\" height=\"0\" loading=\"lazy\"\/><\/div><div class=\"uagb-ifb-title-wrap\"><h3 class=\"uagb-ifb-title\">Faire Preise<\/h3><\/div><p class=\"uagb-ifb-desc\">Gutes, modernes Lernmanagement muss nicht viel kosten. Mit unseren Produkten k\u00f6nnen Sie dennoch alles erreichen was die Premium Systeme auch wollen (manchmal sogar mehr).<\/p><\/div><\/div><\/div>\n\n\n\n<div class=\"wp-block-uagb-info-box uagb-block-d6fe9562 uagb-infobox__content-wrap  uagb-infobox-icon-above-title uagb-infobox-image-valign-top\"><div class=\"uagb-ifb-content\"><div class=\"uagb-ifb-image-content\"><img decoding=\"async\" src=\"https:\/\/lernadapter.de\/wordpress\/wp-content\/uploads\/2025\/01\/24-7.png\" alt=\"\" width=\"\" height=\"0\" loading=\"lazy\"\/><\/div><div class=\"uagb-ifb-title-wrap\"><h3 class=\"uagb-ifb-title\">Service Jederzeit<\/h3><\/div><p class=\"uagb-ifb-desc\">Wir stehen Ihnen gerne jederzeit f\u00fcr Ihre Anfragen zur Verf\u00fcgung. Unser Service ist dabei jederzeit bereit Sie zu unterst\u00fctzen das beste aus Ihrem System herauszuholen.<\/p><\/div><\/div>\n\n\n\n<div class=\"wp-block-uagb-info-box uagb-block-b07acd79 uagb-infobox__content-wrap  uagb-infobox-icon-above-title uagb-infobox-image-valign-top\"><div class=\"uagb-ifb-content\"><div class=\"uagb-ifb-image-content\"><img decoding=\"async\" src=\"https:\/\/lernadapter.de\/wordpress\/wp-content\/uploads\/2025\/01\/tools.png\" alt=\"\" width=\"\" height=\"0\" loading=\"lazy\"\/><\/div><div class=\"uagb-ifb-title-wrap\"><h3 class=\"uagb-ifb-title\">Qualifizierte Fachkr\u00e4fte<\/h3><\/div><p class=\"uagb-ifb-desc\">Unsere Mitarbeiter vereinen technische, p\u00e4dagogisch-didaktische und organisatorische F\u00e4higkeiten, um Ihnen die besten Wege zum Ziel aufzuzeigen.<\/p><\/div><\/div>\n<\/div>\n<\/div><\/div>\n","protected":false},"excerpt":{"rendered":"<p>ECHTE Gamification W\u00e4hrend die spieltypischen Elemente den gr\u00f6\u00dften Teil der Gamification im eLearning ausmachen, m\u00f6chten wir bei Lernadapter weitergehen und dem Begriff seinen urspr\u00fcnglichen Sinn zur\u00fcckgeben. Lernspiele sollten mehr sein als blo\u00df eine Karotte vor der Nase. Deswegen entwickeln wir gerne auf Ihr Unternehmen zugeschnittene Edutainment-Software, die wirklich wie ein &#8222;echtes&#8220; Spiel wirkt.Die Erstellung hochwertiger [&hellip;]<\/p>\n","protected":false},"author":1,"featured_media":0,"parent":69,"menu_order":0,"comment_status":"closed","ping_status":"closed","template":"","meta":{"_uag_custom_page_level_css":"","site-sidebar-layout":"default","site-content-layout":"","ast-site-content-layout":"default","site-content-style":"default","site-sidebar-style":"default","ast-global-header-display":"","ast-banner-title-visibility":"","ast-main-header-display":"","ast-hfb-above-header-display":"","ast-hfb-below-header-display":"","ast-hfb-mobile-header-display":"","site-post-title":"disabled","ast-breadcrumbs-content":"","ast-featured-img":"","footer-sml-layout":"","theme-transparent-header-meta":"","adv-header-id-meta":"","stick-header-meta":"","header-above-stick-meta":"","header-main-stick-meta":"","header-below-stick-meta":"","astra-migrate-meta-layouts":"set","ast-page-background-enabled":"default","ast-page-background-meta":{"desktop":{"background-color":"var(--ast-global-color-4)","background-image":"","background-repeat":"repeat","background-position":"center center","background-size":"auto","background-attachment":"scroll","background-type":"","background-media":"","overlay-type":"","overlay-color":"","overlay-opacity":"","overlay-gradient":""},"tablet":{"background-color":"","background-image":"","background-repeat":"repeat","background-position":"center center","background-size":"auto","background-attachment":"scroll","background-type":"","background-media":"","overlay-type":"","overlay-color":"","overlay-opacity":"","overlay-gradient":""},"mobile":{"background-color":"","background-image":"","background-repeat":"repeat","background-position":"center center","background-size":"auto","background-attachment":"scroll","background-type":"","background-media":"","overlay-type":"","overlay-color":"","overlay-opacity":"","overlay-gradient":""}},"ast-content-background-meta":{"desktop":{"background-color":"var(--ast-global-color-5)","background-image":"","background-repeat":"repeat","background-position":"center center","background-size":"auto","background-attachment":"scroll","background-type":"","background-media":"","overlay-type":"","overlay-color":"","overlay-opacity":"","overlay-gradient":""},"tablet":{"background-color":"var(--ast-global-color-5)","background-image":"","background-repeat":"repeat","background-position":"center center","background-size":"auto","background-attachment":"scroll","background-type":"","background-media":"","overlay-type":"","overlay-color":"","overlay-opacity":"","overlay-gradient":""},"mobile":{"background-color":"var(--ast-global-color-5)","background-image":"","background-repeat":"repeat","background-position":"center center","background-size":"auto","background-attachment":"scroll","background-type":"","background-media":"","overlay-type":"","overlay-color":"","overlay-opacity":"","overlay-gradient":""}},"footnotes":""},"class_list":["post-680","page","type-page","status-publish","hentry"],"uagb_featured_image_src":{"full":false,"thumbnail":false,"medium":false,"medium_large":false,"large":false,"1536x1536":false,"2048x2048":false},"uagb_author_info":{"display_name":"Maestrowp","author_link":"https:\/\/lernadapter.de\/wordpress\/author\/maestrowp\/"},"uagb_comment_info":0,"uagb_excerpt":"ECHTE Gamification W\u00e4hrend die spieltypischen Elemente den gr\u00f6\u00dften Teil der Gamification im eLearning ausmachen, m\u00f6chten wir bei Lernadapter weitergehen und dem Begriff seinen urspr\u00fcnglichen Sinn zur\u00fcckgeben. Lernspiele sollten mehr sein als blo\u00df eine Karotte vor der Nase. Deswegen entwickeln wir gerne auf Ihr Unternehmen zugeschnittene Edutainment-Software, die wirklich wie ein &#8222;echtes&#8220; Spiel wirkt.Die Erstellung hochwertiger&hellip;","_links":{"self":[{"href":"https:\/\/lernadapter.de\/wordpress\/wp-json\/wp\/v2\/pages\/680","targetHints":{"allow":["GET"]}}],"collection":[{"href":"https:\/\/lernadapter.de\/wordpress\/wp-json\/wp\/v2\/pages"}],"about":[{"href":"https:\/\/lernadapter.de\/wordpress\/wp-json\/wp\/v2\/types\/page"}],"author":[{"embeddable":true,"href":"https:\/\/lernadapter.de\/wordpress\/wp-json\/wp\/v2\/users\/1"}],"replies":[{"embeddable":true,"href":"https:\/\/lernadapter.de\/wordpress\/wp-json\/wp\/v2\/comments?post=680"}],"version-history":[{"count":5,"href":"https:\/\/lernadapter.de\/wordpress\/wp-json\/wp\/v2\/pages\/680\/revisions"}],"predecessor-version":[{"id":822,"href":"https:\/\/lernadapter.de\/wordpress\/wp-json\/wp\/v2\/pages\/680\/revisions\/822"}],"up":[{"embeddable":true,"href":"https:\/\/lernadapter.de\/wordpress\/wp-json\/wp\/v2\/pages\/69"}],"wp:attachment":[{"href":"https:\/\/lernadapter.de\/wordpress\/wp-json\/wp\/v2\/media?parent=680"}],"curies":[{"name":"wp","href":"https:\/\/api.w.org\/{rel}","templated":true}]}}